t u = -18 + 18. Suppose u*y + 108 = 4*y. What is the units digit of y?
7
Let d be -12*(5/3 - 2). Suppose -2*j - 12 - 32 = d*y, 3*y + 42 = 3*j. What is the units digit of (4/6)/((-1)/y)?
8
Suppose -t = 4*t - 195. What is the tens digit of t?
3
Let h(z) = -18*z**3 + z + 1. Let o be h(-1). Suppose 2*f + 3*f - 140 = 0. Let c = f - o. What is the units digit of c?
0
Let z(t) = t**2 - t + 2. What is the units digit of z(5)?
2
Let f be (2/(-4))/((-2)/8). Suppose 0*g + 96 = 5*l - 2*g, -5*g + 21 = f*l. What is the units digit of 174/l - 2/3?
9
Let i = -127 + 210. What is the units digit of i?
3
What is the tens digit of (2 + (-35)/4)*-4?
2
Let q be (-6)/21 + (-410)/(-14). Let t = q + 13. What is the tens digit of t?
4
Suppose 0 = -3*f - 18*f + 4158. What is the tens digit of f?
9
Suppose 0*n = -3*n - 12. Let h = n + 26. What is the units digit of (2/4)/(1/h)?
1
Suppose -3 = -3*b + 30. What is the units digit of b?
1
Let z(h) = -h**3 + 4*h**2 + 10*h - 5. What is the tens digit of z(5)?
2
Let x(i) = i - 1. Let a(p) = p**3 + 4*p**2 - 4*p + 5. Let w(n) = -a(n) - x(n). What is the units digit of w(-5)?
6
Suppose 3*s - 5 = 16. What is the units digit of s?
7
Let k(i) = 10*i**2 + i. What is the units digit of k(-1)?
9
Suppose 0 = -0*x + 2*x - 70. Let t = x - -7. What is the tens digit of t?
4
What is the tens digit of (-194)/(-3) + 2/6?
6
Let p = 0 + 2. Suppose -7 = 3*i + 2*t + p*t, -5*i - 5*t - 10 = 0. What is the units digit of (16/(-2))/(0 + i)?
8
What is the units digit of (-20)/30 + ((-1599)/(-9) - 0)?
7
Let d(u) = -3*u - 7. What is the units digit of d(-11)?
6
Let l(m) = -4*m**2 + 3*m - 3. Let u be l(2). Let k = u - -3. Let i = 16 + k. What is the units digit of i?
6
Suppose 0 = 3*r + 1 - 7. Suppose 4*d = -3*h + 59, -2*h = -r*d + 7*d - 44. What is the tens digit of h?
1
Suppose 0 = -2*b - 5*h - 8, 4*b = 3*h - h - 16. What is the tens digit of (6/b)/(6/(-112))?
2
Let b be ((-5)/15)/((-5)/30). Let d(c) = c + 1. Let q(v) = 3*v - 4. Let r(p) = 4*d(p) + q(p). What is the tens digit of r(b)?
1
Suppose 4*s - 192 = -0*s. What is the units digit of s?
8
Let v = 41 + 12. What is the tens digit of v?
5
Let v(l) = l**3 + 7*l**2 + 5*l + 3. Let d(g) = g**3 + 8*g**2 + 4*g + 2. Let q(u) = 2*d(u) - 3*v(u). Suppose -5*a - 12 = -2*a. What is the units digit of q(a)?
7
Suppose -5*l = -3*h - 10*l + 15, -4*h - 3*l + 9 = 0. Suppose h = 3*s - 59 - 1. What is the units digit of s?
0
What is the tens digit of 70/(4 + 2 + -5)?
7
Let k = 69 - 49. Suppose -5*h = k, 5*f = 3*h + h + 36. Suppose 3*t - 5 = -f*g + 3*g, -g = -t - 9. What is the units digit of g?
8
Let m = 61 + -27. What is the tens digit of m?
3
Suppose -5*m = q - 2*q - 13, 0 = -3*m + 6. Let f = q + 6. What is the units digit of f?
3
Let q be -21*(14/(-6) + 2). Let g be (7/q)/(1/2). Suppose 8 = -h - h, -g*k = 2*h. What is the units digit of k?
4
Suppose -20 + 2 = -3*x. Suppose 30 = 5*l - 2*b, l + 0*b = 2*b + x. What is the units digit of (-16)/(-24) - (-44)/l?
8
Suppose 5*m = m. Suppose -5*n - 5 = m, -4*s + 34 = s - 4*n. What is the units digit of s?
6
Let k = -10 + 10. Let c be 39 - (-1 - k/2). Suppose -2*n = g - 37, 0*g = 2*n + 2*g - c. What is the tens digit of n?
1
Suppose -2*c = 6*c - 2072. What is the hundreds digit of c?
2
Let v(c) = -7*c**2 - 2*c - 6. Let z(q) = -6*q**2 - q - 5. Let p(u) = 3*v(u) - 4*z(u). What is the units digit of p(2)?
0
Let j(x) = -x**3 + 2*x**2 - x + 1. Let f be j(1). Suppose -3*h = -2*h - f. What is the units digit of h/(-3) - 32/(-6)?
5
What is the units digit of 620*-1*6*8/(-120)?
8
Suppose 5*n - 178 = 2. What is the units digit of n?
6
Let z be (-5)/((2/(-1))/2). Suppose -z*n + 46 = 2*i - 17, -4*i = 3*n - 49. What is the tens digit of n?
1
Suppose -5*s = -22 - 3. Suppose -14 = -2*t - 5*q, -s*t + 70 = q - 6*q. What is the tens digit of t?
1
Let r = 177 + -80. What is the tens digit of r?
9
What is the hundreds digit of 1/2 + 4944/32?
1
Let y = 81 - 41. Let t = y + -20. What is the units digit of t?
0
What is the hundreds digit of (3 + (-107)/2)*2/(-1)?
1
Suppose -3*n - 2*n - 20 = 0. Let t = 26 + n. What is the tens digit of t?
2
Let h = 3 - -10. What is the tens digit of h?
1
Suppose 2*s = -2*s + 16. Suppose -c - 5*j + 18 = 3*c, -3*j = -5*c + s. Suppose -3*b + 14 = c. What is the units digit of b?
4
Suppose 3*b - g + 1 = -3, 0 = -5*g + 20. Let k = 1 + 0. Suppose b = i + k - 5. What is the units digit of i?
4
Suppose 3*v + 13 + 2 = 0, -2*v - 75 = -5*c. Suppose -5*a + c = -7. Suppose 4*h = -n + 5 + 12, -5*h + a*n - 5 = 0. What is the units digit of h?
3
Let l = 11 - 7. Let n = 11 - l. Let j = 11 - n. What is the units digit of j?
4
Suppose -2*v - 236 = -2*l, -l + v + v = -121. What is the units digit of l?
5
Let z be 1 + -3 - (-1 + 2). What is the units digit of (-1 - -3)/(z/(-21))?
4
Suppose -598 = -2*z - 182. What is the tens digit of z?
0
Let h be (15/6)/((-1)/(-4)). Suppose -w = w - h. What is the units digit of w?
5
Let d = 59 + -6. Suppose 5*n = 112 + d. Let k = -13 + n. What is the tens digit of k?
2
Let x be 155/(-1)*3/(-3). Suppose d - x = -4*d. What is the tens digit of d?
3
Let h = 21 + -1. Let m be 405/h + 1/(-4). Suppose 4 = -2*u + m. What is the units digit of u?
8
Suppose 75 - 221 = -5*p - b, -2*p + 48 = 3*b. Suppose 0 = 4*j - 20, 2*f - 32 = -4*j + p. What is the tens digit of f?
2
Suppose 10 = -6*h + h. What is the units digit of 2*3/h - -16?
3
What is the units digit of (2/3)/(-5*6/(-1395))?
1
Suppose 5*s - 1143 = -5*x + x, 0 = 5*x - 2*s - 1404. What is the units digit of x?
2
Suppose g + 4*w = 5*g + 8, 3*g + 5*w - 34 = 0. What is the units digit of g?
3
Let h(f) = -4*f + 5. Let i(g) = -4*g + 4. Let j(l) = -2*h(l) + 3*i(l). What is the tens digit of j(-2)?
1
Let f be 15/6 + (-4)/8. Suppose 3*m - 5*c = 49, f*m - 5*m = -4*c - 47. What is the tens digit of m?
1
Suppose -4*k = -3*d - 12, 0 = 5*k - 3*d - 14 + 2. Let b(v) = v**3 - 6*v**2 - 3*v - 7. Let r be b(7). Suppose -7*j + 10*j - r = k. What is the units digit of j?
7
Suppose 4*g = 3*g - 77. Let y = -38 - g. What is the tens digit of y?
3
Suppose 0 = -10*w + 5*w - 105. Let f = -12 - w. What is the units digit of f?
9
Suppose p + 7 = 11. What is the units digit of p?
4
Suppose -3*x = -0*x - 12. Suppose -d + 5*l = 1, -6 = -2*l + x. What is the tens digit of d?
2
Let i(q) = -q**3 - q. What is the tens digit of i(-2)?
1
Let h(l) = 7*l + 4. Let o be 1/(-2)*2 + 6. What is the units digit of h(o)?
9
Let b be (-3)/(1/(0 - 1)). Suppose -b*q + 24 = -27. What is the units digit of q?
7
Let b(v) = -17*v - 10. What is the tens digit of b(-13)?
1
Let r(q) = -38*q**3 - q**2 - 2*q - 1. Let d be r(-1). Suppose 0*t = 2*t - 3*l - 13, -4*t = 3*l - 71. Suppose 0 = -3*n - t + d. What is the units digit of n?
8
Suppose 4*x - 2*x = 4. Suppose 10 = 5*s - 4*m - 2, -3*s = 2*m - 16. Suppose x = s*u - 10. What is the units digit of u?
3
Let v(y) = 2*y**2 - y + 1. Let j be v(2). Let f = j + -4. What is the units digit of f?
3
Suppose -38 = -r - r. Let u = r - -7. What is the units digit of u?
6
Suppose 3*f = 5*s - 10, 2*s = -f - 3*f + 4. Suppose -25 = s*v + 3*j - 70, -65 = -3*v - 2*j. What is the tens digit of 3/(-6) - v/(-2)?
1
Let a(n) = -3 + n**2 + 0*n**2 + 16. Let h be a(0). Let o = h - 4. What is the units digit of o?
9
Suppose 0 = 4*z - 3 - 9. Suppose 14 = 5*u - z*u. What is the units digit of u?
7
Let d(h) = -h**2 - 11*h + 12. Let f be d(-12). Let b be (2/3)/((-1)/(-18)). Suppose 3*s - 5*s + 4*x = -8, f = 3*s - 2*x - b. What is the units digit of s?
4
Let d(v) = v**3 + 10*v**2 + v + 11. Let r be d(-10). Let o = r + 6. What is the units digit of o?
7
Let y(b) = b - 1 + 2*b - 2*b**2 + 2*b**2 - b**2. What is the units digit of y(1)?
1
Suppose -4*g = -3*g. Suppose g = -d - 0*d. Suppose -v = 4*x - 42, 3*v = 6 - d. What is the tens digit of x?
1
Let z = 0 + 10. What is the tens digit of z?
1
Suppose -7*g + 110 = -2*g. Suppose -3*j = -8 - 4. Suppose 5*u + 1 - 2 = -a, j*a - g = -2*u. What is the units digit of a?
6
Let m = -10 - -5. What is the units digit of ((-18)/m)/((-1)/(-5))?
8
Let f = -1 - -4. Suppose -w = -1 + f. What is the tens digit of ((-22)/4)/(1/w)?
1
What is the hundreds digit of 445*((-24)/(-15))/4?
1
Let s = 8 - 8. Suppose k - 4*t - 8 = s, -5 = 5*t + 5. What is the tens digit of k/(3 - 0) + 17?
1
Let x(i) = i. Let c be x(0). Let l be